-- https://www.phpmyadmin.net/
--
-- Hôte : 127.0.0.1
-- Généré le : ven. 06 juin 2025 à 10:43
-- Version du serveur : 10.4.32-MariaDB
-- Version de PHP : 8.2.12

START TRANSACTION;



--
-- Base de données : `sma_groupe`
--

-- --------------------------------------------------------

--
-- Structure de la table `contact`
--

CREATE TABLE `contact` (
  `id` int(11) NOT NULL,
  `nom` varchar(50) NOT NULL,
  `prenom` varchar(50) NOT NULL,
  `email` varchar(255) NOT NULL,
  `telephone` varchar(15) NOT NULL,
  `message` longtext NOT NULL,
  `created_at` datetime NOT NULL COMMENT '(DC2Type:datetime_immutable)',
  `sujet_id` int(11) DEFAULT NULL,
  `nom_entreprise` varchar(255) DEFAULT NULL,
  `is_done` tinyint(1) NOT NULL DEFAULT 0
) ENGINE=InnoDB DEFAULT CHARSET=utf8mb4 COLLATE=utf8mb4_unicode_ci;

--
-- Déchargement des données de la table `contact`
--

INSERT INTO `contact` (`id`, `nom`, `prenom`, `email`, `telephone`, `message`, `created_at`, `sujet_id`, `nom_entreprise`, `is_done`) VALUES
(16, 'Nowak', 'Matthieu', 'matthieuNowakREAT@yahoo.fr', '0754236895', 'fzffz', '2024-11-22 13:03:28', NULL, NULL, 1),
(17, 'Nowak', 'Matthieu', 'matthieuNowakREAT@yahoo.fr', '0754236895', 'BONJOUR J\'AIMERAIS SAVOIR COMMENT JE PEUX ACCEDER A UNE FORMATION, MERCI.', '2024-11-22 13:13:27', NULL, NULL, 1),
(18, 'Nowak', 'Matthieu', 'matthieuNowakREAT@yahoo.fr', '0754236895', 'TEST', '2024-11-22 13:14:14', NULL, NULL, 1),
(19, 'Nowak', 'Matthieu', 'matthieuNowakREAT@yahoo.fr', '0754236895', 'FZFZFZ', '2024-11-22 13:18:54', NULL, NULL, 0),
(20, 'Nowak', 'Matthieu', 'matthieuNowakREAT@yahoo.fr', '0754236895', 'TEST', '2024-11-22 13:23:40', NULL, NULL, 0),
(21, 'Nowak', 'Matthieu', 'matthieuNowakREAT@yahoo.fr', '0754236895', 'fzffzfzfzffz', '2024-11-22 13:30:58', NULL, NULL, 0),
(22, 'Nowak', 'Matthieu', 'matthieuNowakREAT@yahoo.fr', '0754236895', 'zfzffzfz', '2024-11-22 13:31:23', NULL, NULL, 0),
(23, 'Nowak', 'Matthieu', 'matthieuNowakREAT@yahoo.fr', '0754236895', 'ZZFZFZFZF', '2024-11-22 13:33:21', NULL, NULL, 0),
(24, 'Nowak', 'Matthieu', 'matthieuNowakREAT@yahoo.fr', '0754236895', 'hihi', '2024-11-22 13:39:33', NULL, NULL, 0),
(25, 'Nowak', 'Matthieu', 'matthieuNowakREAT@yahoo.fr', '0754236895', 'TEST', '2024-11-22 14:06:54', NULL, NULL, 0),
(26, 'Nowak', 'Matthieu', 'matthieuNowakREAT@yahoo.fr', '0754236895', 'TEST', '2024-11-22 16:00:13', NULL, NULL, 0),
(27, 'Nowak', 'Matthieu', 'matthieuNowakREAT@yahoo.fr', '0754236895', 'TEST', '2024-11-22 16:16:36', NULL, NULL, 0),
(28, 'Nowak', 'Matthieu', 'matthieuNowakREAT@yahoo.fr', '0754236895', 'TEST', '2024-12-02 14:18:52', NULL, NULL, 0),
(29, 'Nowak', 'Matthieu', 'matthieuNowakREAT@yahoo.fr', '0754236895', 'zfaf', '2024-12-02 14:24:10', NULL, NULL, 0),
(30, 'Nowak', 'Matthieu', 'matthieuNowakREAT@yahoo.fr', '0754236895', 'azfzaf', '2024-12-02 14:58:00', NULL, NULL, 0),
(31, 'Nowak', 'Matthieu', 'matthieu.nowak@almadia.fr', '0754236895', 'TEST', '2024-12-02 15:01:38', NULL, NULL, 0),
(32, 'Nowak', 'Matthieu', 'matthieu.nowak@almadia.fr', '0754236895', 'azfazfafz', '2024-12-02 15:09:24', NULL, NULL, 0),
(33, 'Nowak', 'Matthieu', 'matthieu.nowak@almadia.fr', '0754236895', 'BONJOUR J\'AIMERAIS SAVOIR COMMENT JE PEUX ACCEDER A UNE FORMATION, MERCI.', '2024-12-02 15:30:49', NULL, NULL, 0),
(34, 'Nowak', 'Matthieu', 'matthieu.nowak@almadia.fr', '0754236895', 'BONJOUR J\'AIMERAIS SAVOIR COMMENT JE PEUX ACCEDER A UNE FORMATION, MERCI.', '2024-12-02 15:33:28', NULL, NULL, 0),
(35, 'Nowak', 'Matthieu', 'matthieu.nowak@almadia.fr', '0754236895', 'BONJOUR J\'AIMERAIS SAVOIR COMMENT JE PEUX ACCEDER A UNE FORMATION, MERCI.', '2024-12-02 15:35:48', NULL, NULL, 0),
(36, 'Nowak', 'Matthieu', 'matthieu.nowak@almadia.fr', '0754236895', 'TEST', '2024-12-02 15:43:34', NULL, NULL, 0),
(37, 'Nowak', 'Matthieu', 'matthieu.nowak@almadia.fr', '0754236895', 'Les chaines Donkey kong et Mario', '2024-12-02 15:45:08', NULL, NULL, 0),
(38, 'Nowak', 'Matthieu', 'matthieu.nowak@almadia.fr', '0667554634', 'TEST', '2024-12-02 15:48:54', NULL, NULL, 0),
(39, 'Nowak', 'Matthieu', 'matthieuNowakREAT@yahoo.fr', '0754236895', 'zaazfazf', '2024-12-03 08:21:42', NULL, NULL, 0),
(40, 'Nowak', 'Matthieu', 'matthieu.nowak@almadia.fr', '0754236895', 'Les chaines Donkey kong et Mario', '2024-12-03 08:35:16', NULL, NULL, 0),
(41, 'Nowak', 'Matthieu', 'matthieu.nowak@almadia.fr', '0754236895', 'BONJOUR J\'AIMERAIS SAVOIR COMMENT JE PEUX ACCEDER A UNE FORMATION, MERCI.', '2024-12-03 08:35:58', NULL, NULL, 0),
(42, 'Nowak', 'Matthieu', 'matthieu.nowak@almadia.fr', '0754236895', 'Les chaines Donkey kong et Mario', '2024-12-03 08:40:46', NULL, NULL, 0),
(43, 'Nowak', 'Matthieu', 'matthieu.nowak@almadia.fr', '0754236895', 'BONJOUR J\'AIMERAIS SAVOIR COMMENT JE PEUX ACCEDER A UNE FORMATION, MERCI.', '2024-12-03 08:57:35', NULL, NULL, 0),
(44, 'Nowak', 'Matthieu', 'matthieu.nowak@almadia.fr', '0754236895', 'BONJOUR J\'AIMERAIS SAVOIR COMMENT JE PEUX ACCEDER A UNE FORMATION, MERCI.', '2024-12-03 13:40:29', NULL, NULL, 0),
(45, 'Nowak', 'Matthieu', 'matthieu.nowak@almadia.fr', '0667554634', 'TEST', '2025-03-07 09:16:01', 3, NULL, 0),
(46, 'Nowak', 'Matthieu', 'matthieu.nowak@almadia.fr', '0667554634', 'TEST ver test@sma-groupe.fr', '2025-03-19 10:40:18', 2, NULL, 0),
(47, 'Nowak', 'Matthieu', 'matthieu.nowak@almadia.fr', '0667554634', 'TEST ver test@sma-groupe.fr', '2025-03-19 10:49:05', 2, NULL, 0),
(48, 'Nowak', 'Matthieu', 'matthieu.nowak@almadia.fr', '0667554634', 'zafazfazf', '2025-03-25 13:40:18', 1, 'Matthieu Nowak', 0),
(49, 'Nowak', 'Matthieu', 'matthieu.nowak@almadia.fr', '0667554634', 'zfzf', '2025-03-25 13:41:51', 2, 'fzfz', 0),
(50, 'Nowak', 'Matthieu', 'matthieu.nowak@almadia.fr', '0667554634', 'zfzfzf', '2025-03-25 13:44:38', 3, 'Matthieu Nowak', 0),
(51, 'Nowak', 'Matthieu', 'matthieu.nowak@almadia.fr', '0667554634', 'zfzf', '2025-03-25 13:53:06', 1, 'Matthieu Nowak', 0),
(52, 'Nowak', 'Matthieu', 'matthieuNowakREAT@yahoo.fr', '0754236895', 'zfz', '2025-03-26 13:35:37', 1, 'zfzf', 0),
(53, 'Nowak', 'Matthieu', 'matthieuNowakREAT@yahoo.fr', '0754236895', 'ee', '2025-03-26 13:37:07', 2, 'Matthieu Nowak', 0);

-- --------------------------------------------------------

--
-- Structure de la table `contact_sujet`
--

CREATE TABLE `contact_sujet` (
  `id` int(11) NOT NULL,
  `titre` varchar(255) NOT NULL
) ENGINE=InnoDB DEFAULT CHARSET=utf8mb4 COLLATE=utf8mb4_unicode_ci;

--
-- Déchargement des données de la table `contact_sujet`
--

INSERT INTO `contact_sujet` (`id`, `titre`) VALUES
(1, 'Accéder à une formation'),
(2, 'Prendre un rendez-vous'),
(3, 'J\'ai un problème avec le site web'),
(4, 'Autre');

-- --------------------------------------------------------

--
-- Structure de la table `doctrine_migration_versions`
--

CREATE TABLE `doctrine_migration_versions` (
  `version` varchar(191) NOT NULL,
  `executed_at` datetime DEFAULT NULL,
  `execution_time` int(11) DEFAULT NULL
) ENGINE=InnoDB DEFAULT CHARSET=utf8 COLLATE=utf8_unicode_ci;

--
-- Déchargement des données de la table `doctrine_migration_versions`
--

INSERT INTO `doctrine_migration_versions` (`version`, `executed_at`, `execution_time`) VALUES
('DoctrineMigrations\\Version20241120155236', '2024-11-20 15:52:52', 304),
('DoctrineMigrations\\Version20241121082642', '2024-11-21 08:26:49', 36),
('DoctrineMigrations\\Version20241206103438', '2024-12-06 10:34:49', 87),
('DoctrineMigrations\\Version20241206104415', '2024-12-06 10:44:30', 7),
('DoctrineMigrations\\Version20241209085044', '2024-12-09 08:51:17', 72),
('DoctrineMigrations\\Version20241209091357', '2024-12-09 09:14:02', 14),
('DoctrineMigrations\\Version20241209100705', '2024-12-09 10:07:41', 7),
('DoctrineMigrations\\Version20241209102359', '2024-12-09 10:24:06', 7),
('DoctrineMigrations\\Version20241209154350', '2024-12-09 15:43:57', 105),
('DoctrineMigrations\\Version20241230104819', '2024-12-30 10:48:28', 77),
('DoctrineMigrations\\Version20241230111526', '2024-12-30 11:15:28', 11),
('DoctrineMigrations\\Version20241230122330', '2024-12-30 12:23:40', 83),
('DoctrineMigrations\\Version20250108103834', '2025-01-08 10:38:49', 77),
('DoctrineMigrations\\Version20250108103928', '2025-01-08 10:39:33', 54),
('DoctrineMigrations\\Version20250108130314', '2025-01-08 13:03:21', 14),
('DoctrineMigrations\\Version20250110144730', '2025-01-10 14:47:39', 75),
('DoctrineMigrations\\Version20250110152623', '2025-01-10 15:26:31', 8),
('DoctrineMigrations\\Version20250307095344', '2025-03-07 09:55:41', 77),
('DoctrineMigrations\\Version20250307100815', '2025-03-07 10:08:19', 6),
('DoctrineMigrations\\Version20250307155955', '2025-03-07 16:00:20', 91),
('DoctrineMigrations\\Version20250317154421', '2025-03-17 15:44:49', 60),
('DoctrineMigrations\\Version20250318102044', '2025-03-18 10:21:34', 62),
('DoctrineMigrations\\Version20250318123350', '2025-03-18 12:33:58', 11),
('DoctrineMigrations\\Version20250318123556', '2025-03-18 12:35:59', 67),
('DoctrineMigrations\\Version20250320085751', '2025-03-24 08:21:46', 98),
('DoctrineMigrations\\Version20250320101620', '2025-03-24 08:21:55', 7),
('DoctrineMigrations\\Version20250320105218', '2025-03-24 08:22:05', 19),
('DoctrineMigrations\\Version20250320110039', '2025-03-24 08:22:15', 49),
('DoctrineMigrations\\Version20250320151306', '2025-03-24 08:22:24', 7),
('DoctrineMigrations\\Version20250327092130', '2025-03-27 09:21:41', 100),
('DoctrineMigrations\\Version20250327115303', '2025-03-27 11:53:11', 71),
('DoctrineMigrations\\Version20250327145339', '2025-03-27 14:53:48', 20),
('DoctrineMigrations\\Version20250331080846', '2025-03-31 08:08:58', 69);

-- --------------------------------------------------------

--
-- Structure de la table `formateur`
--

CREATE TABLE `formateur` (
  `id` int(11) NOT NULL,
  `prenom` varchar(255) NOT NULL,
  `nom` varchar(255) NOT NULL,
  `updated_at` datetime DEFAULT NULL COMMENT '(DC2Type:datetime_immutable)',
  `image_name` varchar(255) DEFAULT NULL,
  `image_original_name` varchar(255) DEFAULT NULL,
  `image_mime_type` varchar(255) DEFAULT NULL,
  `image_size` int(11) DEFAULT NULL,
  `image_dimensions` longtext DEFAULT NULL COMMENT '(DC2Type:simple_array)',
  `titre` varchar(255) NOT NULL,
  `description` longtext DEFAULT NULL,
  `cv_name` varchar(255) DEFAULT NULL
) ENGINE=InnoDB DEFAULT CHARSET=utf8mb4 COLLATE=utf8mb4_unicode_ci;

--
-- Déchargement des données de la table `formateur`
--

INSERT INTO `formateur` (`id`, `prenom`, `nom`, `updated_at`, `image_name`, `image_original_name`, `image_mime_type`, `image_size`, `image_dimensions`, `titre`, `description`, `cv_name`) VALUES
(1, 'Damien', 'Pipart', '2025-03-31 08:16:46', 'ellipse-4-1-67ea4f6e6ff6a699960336.png', NULL, NULL, 2474097, NULL, 'Formateur', '<div>Damien est un formateur</div>', 'sma-cgv-2-67ea4e3b4cfc8977476978.pdf'),
(4, 'Matthieu', 'Nowak', '2025-03-18 13:06:13', 'enseignant-1-67d96fc5380e7743464301.jpg', NULL, NULL, 79509, NULL, 'Expert front end', '<div>Matthieu est un formateur HTML CSS JS</div>', NULL);

-- --------------------------------------------------------

--
-- Structure de la table `formation`
--

CREATE TABLE `formation` (
  `id` int(11) NOT NULL,
  `titre` varchar(255) NOT NULL,
  `prix` double DEFAULT NULL,
  `temps_formation` int(11) NOT NULL,
  `objectifs_formation` longtext NOT NULL,
  `prerequis` longtext NOT NULL,
  `modalite_evaluation` longtext NOT NULL,
  `programme` longtext NOT NULL,
  `lieu_formation` longtext NOT NULL COMMENT '(DC2Type:array)',
  `image_name` varchar(255) DEFAULT NULL,
  `image_original_name` varchar(255) DEFAULT NULL,
  `image_mime_type` varchar(255) DEFAULT NULL,
  `image_size` int(11) DEFAULT NULL,
  `image_dimensions` longtext DEFAULT NULL COMMENT '(DC2Type:simple_array)',
  `publique_cible` longtext NOT NULL COMMENT '(DC2Type:array)',
  `public` longtext DEFAULT NULL,
  `description` longtext NOT NULL,
  `moyen_pedagogiques` longtext NOT NULL,
  `is_reglementaire` tinyint(1) DEFAULT NULL,
  `public_concerne` longtext DEFAULT NULL,
  `infos_complementaires` longtext DEFAULT NULL,
  `dates_session` longtext DEFAULT NULL COMMENT '(DC2Type:array)',
  `is_actif` tinyint(1) NOT NULL DEFAULT 0,
  `is_disponible` tinyint(1) NOT NULL DEFAULT 0,
  `adresses` longtext DEFAULT NULL COMMENT '(DC2Type:array)'
) ENGINE=InnoDB DEFAULT CHARSET=utf8mb4 COLLATE=utf8mb4_unicode_ci;

--
-- Déchargement des données de la table `formation`
--

INSERT INTO `formation` (`id`, `titre`, `prix`, `temps_formation`, `objectifs_formation`, `prerequis`, `modalite_evaluation`, `programme`, `lieu_formation`, `image_name`, `image_original_name`, `image_mime_type`, `image_size`, `image_dimensions`, `publique_cible`, `public`, `description`, `moyen_pedagogiques`, `is_reglementaire`, `public_concerne`, `infos_complementaires`, `dates_session`, `is_actif`, `is_disponible`, `adresses`) VALUES
(11, 'PSDM', 124.4, 35, '<p>zfafaz</p>', '<p>zafaz</p>', '<p>zafaz</p>', '<p>fzfafa</p>', 'a:2:{i:0;s:10:\"presentiel\";i:1;s:16:\"classe_virtuelle\";}', 'psdmpresentiel-677e7cd62e7ce886099699.png', NULL, NULL, 4214365, NULL, 'a:1:{i:0;s:25:\"professionnels_de_santés\";}', NULL, '<p>Cette formation permet l&rsquo;acquisition de comp&eacute;tences relatives au contexte r&eacute;glementaire et &agrave; l&rsquo;environnement professionnel dans lesquels les intervenants et les garants employ&eacute;s par les prestataires de services et distributeurs de mat&eacute;riel PSDM exercent leurs missions, &agrave; l&rsquo;hygi&egrave;ne et &agrave; la s&eacute;curit&eacute; et &agrave; l&rsquo;intervention aupr&egrave;s de la personne malade ou pr&eacute;sentant une incapacit&eacute; ou un handicap.&nbsp;</p>', '<p>zffz</p>', 0, '<p>TEST ABV : - ZFJFOF</p>', '<p>TEST ABC</p>', 'a:3:{i:0;s:7:\"05/2025\";i:1;s:7:\"06/2025\";i:2;s:7:\"07/2025\";}', 1, 0, 'a:1:{i:0;s:26:\"11 rue du grand ruage, VDA\";}'),
(12, 'FORMATION TEST', 12500, 35, '<p>z</p>', '<p>zzf</p>', '<p>zffz</p>', '<p>zfzf</p>', 'a:1:{i:0;s:10:\"e-learning\";}', 'psdmdistanciel-677e7d03d5cbe648379597.png', NULL, NULL, 2357155, NULL, 'a:1:{i:0;s:28:\"prestataires_santé_domicile\";}', NULL, '', '', NULL, NULL, NULL, NULL, 0, 0, NULL);

-- --------------------------------------------------------

--
-- Structure de la table `formation_formateur`
--

CREATE TABLE `formation_formateur` (
  `formation_id` int(11) NOT NULL,
  `formateur_id` int(11) NOT NULL
) ENGINE=InnoDB DEFAULT CHARSET=utf8mb4 COLLATE=utf8mb4_unicode_ci;

--
-- Déchargement des données de la table `formation_formateur`
--

INSERT INTO `formation_formateur` (`formation_id`, `formateur_id`) VALUES
(11, 1),
(11, 4),
(12, 1);

-- --------------------------------------------------------

--
-- Structure de la table `messenger_messages`
--

CREATE TABLE `messenger_messages` (
  `id` bigint(20) NOT NULL,
  `body` longtext NOT NULL,
  `headers` longtext NOT NULL,
  `queue_name` varchar(190) NOT NULL,
  `created_at` datetime NOT NULL COMMENT '(DC2Type:datetime_immutable)',
  `available_at` datetime NOT NULL COMMENT '(DC2Type:datetime_immutable)',
  `delivered_at` datetime DEFAULT NULL COMMENT '(DC2Type:datetime_immutable)'
) ENGINE=InnoDB DEFAULT CHARSET=utf8mb4 COLLATE=utf8mb4_unicode_ci;

--
-- Index pour les tables déchargées
--

--
-- Index pour la table `contact`
--
ALTER TABLE `contact`
  ADD PRIMARY KEY (`id`),
  ADD KEY `IDX_4C62E6387C4D497E` (`sujet_id`);

--
-- Index pour la table `contact_sujet`
--
ALTER TABLE `contact_sujet`
  ADD PRIMARY KEY (`id`);

--
-- Index pour la table `doctrine_migration_versions`
--
ALTER TABLE `doctrine_migration_versions`
  ADD PRIMARY KEY (`version`);

--
-- Index pour la table `formateur`
--
ALTER TABLE `formateur`
  ADD PRIMARY KEY (`id`);

--
-- Index pour la table `formation`
--
ALTER TABLE `formation`
  ADD PRIMARY KEY (`id`);

--
-- Index pour la table `formation_formateur`
--
ALTER TABLE `formation_formateur`
  ADD PRIMARY KEY (`formation_id`,`formateur_id`),
  ADD KEY `IDX_270B2E925200282E` (`formation_id`),
  ADD KEY `IDX_270B2E92155D8F51` (`formateur_id`);

--
-- Index pour la table `messenger_messages`
--
ALTER TABLE `messenger_messages`
  ADD PRIMARY KEY (`id`),
  ADD KEY `IDX_75EA56E0FB7336F0` (`queue_name`),
  ADD KEY `IDX_75EA56E0E3BD61CE` (`available_at`),
  ADD KEY `IDX_75EA56E016BA31DB` (`delivered_at`);

--
-- AUTO_INCREMENT pour les tables déchargées
--

--
-- AUTO_INCREMENT pour la table `contact`
--
ALTER TABLE `contact`
  MODIFY `id` int(11) NOT NULL AUTO_INCREMENT, AUTO_INCREMENT=54;

--
-- AUTO_INCREMENT pour la table `contact_sujet`
--
ALTER TABLE `contact_sujet`
  MODIFY `id` int(11) NOT NULL AUTO_INCREMENT, AUTO_INCREMENT=5;

--
-- AUTO_INCREMENT pour la table `formateur`
--
ALTER TABLE `formateur`
  MODIFY `id` int(11) NOT NULL AUTO_INCREMENT, AUTO_INCREMENT=5;

--
-- AUTO_INCREMENT pour la table `formation`
--
ALTER TABLE `formation`
  MODIFY `id` int(11) NOT NULL AUTO_INCREMENT, AUTO_INCREMENT=13;

--
-- AUTO_INCREMENT pour la table `messenger_messages`
--
ALTER TABLE `messenger_messages`
  MODIFY `id` bigint(20) NOT NULL AUTO_INCREMENT, AUTO_INCREMENT=6;

--
-- Contraintes pour les tables déchargées
--

--
-- Contraintes pour la table `contact`
--
ALTER TABLE `contact`
  ADD CONSTRAINT `FK_4C62E6387C4D497E` FOREIGN KEY (`sujet_id`) REFERENCES `contact_sujet` (`id`);

--
-- Contraintes pour la table `formation_formateur`
--
ALTER TABLE `formation_formateur`
  ADD CONSTRAINT `FK_270B2E92155D8F51` FOREIGN KEY (`formateur_id`) REFERENCES `formateur` (`id`) ON DELETE CASCADE,
  ADD CONSTRAINT `FK_270B2E925200282E` FOREIGN KEY (`formation_id`) REFERENCES `formation` (`id`) ON DELETE CASCADE;
COMMIT;

